{"id":3,"date":"2018-09-03T09:05:24","date_gmt":"2018-09-03T07:05:24","guid":{"rendered":"\/?page_id=3"},"modified":"2020-01-30T15:23:27","modified_gmt":"2020-01-30T14:23:27","slug":"datenschutzerklaerung","status":"publish","type":"page","link":"https:\/\/www.sv-probe.de\/?page_id=3","title":{"rendered":"Datenschutzerkl\u00e4rung"},"content":{"rendered":"\t\t<div data-elementor-type=\"wp-page\" data-elementor-id=\"3\" class=\"elementor elementor-3\">\n\t\t\t\t\t\t<section class=\"elementor-section elementor-top-section elementor-element elementor-element-b47f1d2 elementor-section-full_width elementor-section-height-min-height elementor-section-items-bottom elementor-section-height-default\" data-id=\"b47f1d2\" data-element_type=\"section\" data-e-type=\"section\" data-settings=\"{&quot;background_background&quot;:&quot;slideshow&quot;,&quot;background_slideshow_gallery&quot;:[{&quot;id&quot;:299,&quot;url&quot;:&quot;http:\\\/\\\/www.sv-probe.de\\\/wp-content\\\/uploads\\\/2019\\\/12\\\/header10.jpg&quot;}],&quot;background_slideshow_slide_duration&quot;:7000,&quot;background_slideshow_ken_burns&quot;:&quot;yes&quot;,&quot;background_slideshow_transition_duration&quot;:700,&quot;background_slideshow_loop&quot;:&quot;yes&quot;,&quot;background_slideshow_slide_transition&quot;:&quot;fade&quot;,&quot;background_slideshow_ken_burns_zoom_direction&quot;:&quot;in&quot;}\">\n\t\t\t\t\t\t\t<div class=\"elementor-background-overlay\"><\/div>\n\t\t\t\t\t\t\t<div class=\"elementor-container elementor-column-gap-default\">\n\t\t\t\t\t<div class=\"elementor-column elementor-col-100 elementor-top-column elementor-element elementor-element-1bfdccd\" data-id=\"1bfdccd\" data-element_type=\"column\" data-e-type=\"column\">\n\t\t\t<div class=\"elementor-widget-wrap elementor-element-populated\">\n\t\t\t\t\t\t<div class=\"elementor-element elementor-element-dc146ce elementor-absolute elementor-widget elementor-widget-heading\" data-id=\"dc146ce\" data-element_type=\"widget\" data-e-type=\"widget\" data-settings=\"{&quot;_position&quot;:&quot;absolute&quot;}\" data-widget_type=\"heading.default\">\n\t\t\t\t<div class=\"elementor-widget-container\">\n\t\t\t\t\t<h1 class=\"elementor-heading-title elementor-size-large\">Datenschutz<\/h1>\t\t\t\t<\/div>\n\t\t\t\t<\/div>\n\t\t\t\t<div class=\"elementor-element elementor-element-7ee8ba6 elementor-widget elementor-widget-spacer\" data-id=\"7ee8ba6\" data-element_type=\"widget\" data-e-type=\"widget\" data-widget_type=\"spacer.default\">\n\t\t\t\t<div class=\"elementor-widget-container\">\n\t\t\t\t\t\t\t<div class=\"elementor-spacer\">\n\t\t\t<div class=\"elementor-spacer-inner\"><\/div>\n\t\t<\/div>\n\t\t\t\t\t\t<\/div>\n\t\t\t\t<\/div>\n\t\t\t\t\t<\/div>\n\t\t<\/div>\n\t\t\t\t\t<\/div>\n\t\t<\/section>\n\t\t\t\t<section class=\"elementor-section elementor-top-section elementor-element elementor-element-c117154 elementor-section-boxed elementor-section-height-default elementor-section-height-default\" data-id=\"c117154\" data-element_type=\"section\" data-e-type=\"section\">\n\t\t\t\t\t\t<div class=\"elementor-container elementor-column-gap-default\">\n\t\t\t\t\t<div class=\"elementor-column elementor-col-100 elementor-top-column elementor-element elementor-element-7a20531\" data-id=\"7a20531\" data-element_type=\"column\" data-e-type=\"column\">\n\t\t\t<div class=\"elementor-widget-wrap elementor-element-populated\">\n\t\t\t\t\t\t<div class=\"elementor-element elementor-element-6ee7dba elementor-widget elementor-widget-spacer\" data-id=\"6ee7dba\" data-element_type=\"widget\" data-e-type=\"widget\" data-widget_type=\"spacer.default\">\n\t\t\t\t<div class=\"elementor-widget-container\">\n\t\t\t\t\t\t\t<div class=\"elementor-spacer\">\n\t\t\t<div class=\"elementor-spacer-inner\"><\/div>\n\t\t<\/div>\n\t\t\t\t\t\t<\/div>\n\t\t\t\t<\/div>\n\t\t\t\t\t<\/div>\n\t\t<\/div>\n\t\t\t\t\t<\/div>\n\t\t<\/section>\n\t\t\t\t<section class=\"elementor-section elementor-top-section elementor-element elementor-element-26241684 elementor-section-boxed elementor-section-height-default elementor-section-height-default\" data-id=\"26241684\" data-element_type=\"section\" data-e-type=\"section\">\n\t\t\t\t\t\t<div class=\"elementor-container elementor-column-gap-default\">\n\t\t\t\t\t<div class=\"elementor-column elementor-col-100 elementor-top-column elementor-element elementor-element-7a548490\" data-id=\"7a548490\" data-element_type=\"column\" data-e-type=\"column\">\n\t\t\t<div class=\"elementor-widget-wrap elementor-element-populated\">\n\t\t\t\t\t\t<div class=\"elementor-element elementor-element-419d91f0 elementor-widget elementor-widget-text-editor\" data-id=\"419d91f0\" data-element_type=\"widget\" data-e-type=\"widget\" data-widget_type=\"text-editor.default\">\n\t\t\t\t<div class=\"elementor-widget-container\">\n\t\t\t\t\t\t\t\t\t<div id=\"c10785\"><h1>Datenschutz<\/h1><p>Die S\u00fcddeutsche Gemeinschaft Biberach (Betreiber) ist um einen Schutz der Daten aller Nutzer bem\u00fcht, die seine Webseiten bzw. Internetangebote nutzen. Bitte sehen Sie sich die nachfolgenden Datenschutzhinweise sorgf\u00e4ltig durch. Die Verarbeitung personenbezogener Daten einer betroffenen Person, erfolgt stets im Einklang mit der Datenschutz-Grundverordnung. Mittels dieser Datenschutzerkl\u00e4rung m\u00f6chte unser\u00a0Verein die \u00d6ffentlichkeit \u00fcber Art, Umfang und Zweck der von uns erhobenen, genutzten und verarbeiteten personenbezogenen Daten informieren. Ferner werden betroffene Personen mittels dieser Datenschutzerkl\u00e4rung \u00fcber die ihnen zustehenden Rechte aufgekl\u00e4rt.<\/p><\/div><div id=\"c10784\"><h2>Datenerhebung<\/h2><div><p>Die Nutzung der Webseiten des Betreibers ist in der Regel ohne Angabe personenbezogener Daten (beispielsweise Name, Anschrift, Geburtsdatum, Telefonnummer, Telefaxnummer oder E-Mail-Adresse) m\u00f6glich. Sofern eine betroffene Person besondere Services unseres\u00a0Vereins \u00fcber unsere Internetseite in Anspruch nehmen m\u00f6chte, k\u00f6nnte jedoch eine Verarbeitung personenbezogener Daten erforderlich werden. Ist die Verarbeitung personenbezogener Daten erforderlich und besteht f\u00fcr eine solche Verarbeitung keine gesetzliche Grundlage, holen wir generell eine Einwilligung der betroffenen Person ein.<\/p><p>Folgende Daten werden automatisch vom Browser \u00fcbermittelt und beim Betreiber f\u00fcr allgemeine statistische Zwecke erfasst:<br \/>Datum und Uhrzeit der Serveranfrage sowie die \u00fcbertragene Datenmenge der besuchten Seiten, der Browsertyp, das verwendete Betriebssystem, die IP-Adresse und die Seite, von welcher Sie unsere Seite aufgerufen haben.<\/p><p>Bei der Nutzung dieser allgemeinen Daten und Informationen zieht die S\u00fcddeutscher Gemeinschaftsverband e.V. keine R\u00fcckschl\u00fcsse auf die betroffene Person. Diese Informationen werden tempor\u00e4r in einem sog. Logfile gespeichert. Der Anbieter verwendet die Protokolldaten nur f\u00fcr statistische Auswertungen zum Zweck des Betriebs, der Sicherheit und der Optimierung des Angebotes. Diese anonym erhobenen Daten und Informationen werden durch die S\u00fcddeutscher Gemeinschaftsverband e.V. daher einerseits statistisch und ferner mit dem Ziel ausgewertet, den Datenschutz und die Datensicherheit in unserem\u00a0Verein zu erh\u00f6hen, um letztlich ein optimales Schutzniveau f\u00fcr die von uns verarbeiteten personenbezogenen Daten sicherzustellen. Die anonymen Daten der Server-Logfiles werden getrennt von allen durch eine betroffene Person angegebenen personenbezogenen Daten gespeichert. Der Anbieter beh\u00e4lt sich jedoch vor, die Protokolldaten nachtr\u00e4glich zu \u00fcberpr\u00fcfen, wenn aufgrund konkreter Anhaltspunkte der berechtigte Verdacht einer rechtswidrigen Nutzung besteht.<\/p><\/div><\/div><div id=\"c10783\"><h2>Datennutzung<\/h2><p>Personenbezogene Daten werden vom Betreiber grunds\u00e4tzlich nur dann erhoben und gespeichert, wenn Sie ihm diese Daten mit Ihrer Zustimmung zur Verf\u00fcgung stellen, um seine Angebote zu nutzen. Ihre Angaben werden ausschlie\u00dflich f\u00fcr die Abwicklung des jeweiligen Zweckes, zu dem Sie die Daten dem Betreiber mitgeteilt haben, verwendet. Beispielsweise werden Ihre Daten ben\u00f6tigt, um Ihre Anfrage zu beantworten, zur Entgegennahme von Spenden oder Anmeldungen oder wenn Sie den Newsletter oder andere Publikationen abonnieren m\u00f6chten.<\/p><\/div><div id=\"c10782\"><h2>Datenschutzerkl\u00e4rung f\u00fcr die Nutzung von Newsletterdaten<\/h2><p>Wenn Sie den auf der Webseite angebotenen Newsletter beziehen m\u00f6chten, ben\u00f6tigt der Betreiber von Ihnen eine E-Mail-Adresse sowie Informationen, welche uns die \u00dcberpr\u00fcfung gestatten, dass Sie der Inhaber der angegebenen E-Mail-Adresse sind und mit dem Empfang des Newsletters einverstanden sind. Weitere Daten werden nicht erhoben. Diese Daten werden ausschlie\u00dflich f\u00fcr den Versand der angeforderten Informationen verwenden. Ferner k\u00f6nnten Abonnenten des Newsletters per E-Mail informiert werden, sofern dies f\u00fcr den Betrieb des Newsletter-Dienstes oder eine diesbez\u00fcgliche Registrierung erforderlich ist, wie dies im Falle von \u00c4nderungen am Newsletterangebot oder bei der Ver\u00e4nderung der technischen Gegebenheiten der Fall sein k\u00f6nnte. An die von einer betroffenen Person erstmalig f\u00fcr den Newsletterversand eingetragene E-Mail-Adresse wird aus rechtlichen Gr\u00fcnden eine Best\u00e4tigungsmail im Double-Opt-In-Verfahren versendet. Diese Best\u00e4tigungsmail dient der \u00dcberpr\u00fcfung, ob der Inhaber der E-Mail-Adresse als betroffene Person den Empfang des Newsletters autorisiert hat. Der Versand der Newsletter erfolgt \u00fcber unser Redaktionsystem und den Mailservern des Providers. Pers\u00f6nliche Daten werden nicht an Dritte weitergegeben. Ihre Daten werden ausschlie\u00dflich f\u00fcr den vorgenannten Zweck unter Beachtung der deutschen Datenschutzbestimmungen durch uns genutzt.<\/p><p>Die erteilte Einwilligung zur Speicherung der Daten, der E-Mail-Adresse sowie deren Nutzung zum Versand des Newsletters k\u00f6nnen Sie jederzeit widerrufen. Hierzu finden Sie in jedem Newsletter einen entsprechenden \u201eAustragen\u201c-Link.<\/p><\/div><div id=\"c10781\"><h2>Datenweitergabe<\/h2><div><p>Ihre Daten werden ohne Ihre ausdr\u00fcckliche Zustimmung nicht an Dritte weitergegeben. Beteiligte Kreditinstitute erhalten Ihre Daten nur, soweit es f\u00fcr die Durchf\u00fchrung des Spendeneinzuges erforderlich ist. Die durch den Betreiber erhobenen Daten d\u00fcrfen allenfalls an beauftragte Dritte zur Erf\u00fcllung bestehender Vertr\u00e4ge mit dem Nutzer herausgegeben werden. In diesem Fall wird dem Dritten jedoch jegliche Speicherung und Nutzung der Daten au\u00dferhalb des konkreten Vertragszwecks ausdr\u00fccklich untersagt. Die Betreiber der Seiten behalten sich ausdr\u00fccklich rechtliche Schritte im Falle der unverlangten Zusendung von Werbeinformationen, etwa durch Spam-Mails, vor.<br \/>Es kann vorkommen, dass innerhalb dieses Onlineangebotes Inhalte Dritter, wie zum Beispiel Videos von YouTube, Kartenmaterial von Google-Maps, RSS-Feeds oder Grafiken von anderen Webseiten eingebunden werden. Dies setzt immer voraus, dass die Anbieter dieser Inhalte die IP-Adresse der Nutzer wahrnehmen. Denn ohne die IP-Adresse, k\u00f6nnten sie die Inhalte nicht an den Browser des jeweiligen Nutzers senden. Die IP-Adresse ist damit f\u00fcr die Darstellung dieser Inhalte erforderlich. Wir bem\u00fchen uns nur solche Inhalte zu verwenden, deren jeweilige Anbieter die IP-Adresse lediglich zur Auslieferung der Inhalte verwenden. Jedoch haben wir keinen Einfluss darauf, falls die Dritt-Anbieter die IP-Adresse z.B. f\u00fcr statistische Zwecke speichern. Soweit dies uns bekannt ist, kl\u00e4ren wir die Nutzer dar\u00fcber auf.<\/p><\/div><\/div><div id=\"c10780\"><h2>Datenschutzerkl\u00e4rung bei Nutzung von Facebook-Plugins<\/h2><p>Auf unseren Seiten sind Plugins des sozialen Netzwerks Facebook, 1601 South California Avenue, Palo Alto, CA 94304, USA integriert. Die Facebook-Plugins erkennen Sie an dem Facebook-Logo oder dem &#8222;Like-Button&#8220; (&#8222;Gef\u00e4llt mir&#8220;) auf unserer Seite. Eine \u00dcbersicht \u00fcber die Facebook-Plugins finden Sie hier: developers.facebook.com\/docs\/plugins\/.<br \/>Wenn Sie unsere Seiten besuchen, wird \u00fcber das Plugin eine direkte Verbindung zwischen Ihrem Browser und dem Facebook-Server hergestellt. Facebook erh\u00e4lt dadurch die Information, dass Sie mit Ihrer IP-Adresse unsere Seite besucht haben. Wenn Sie den Facebook &#8222;Like-Button&#8220; anklicken w\u00e4hrend Sie in Ihrem Facebook-Account eingeloggt sind, k\u00f6nnen Sie die Inhalte unserer Seiten auf Ihrem Facebook-Profil verlinken. Dadurch kann Facebook den Besuch der Webseiten des Betreibers Ihrem Benutzerkonto zuordnen. Der Betreiber weist darauf hin, dass er als Anbieter der Seiten keine Kenntnis vom Inhalt der \u00fcbermittelten Daten sowie deren Nutzung durch Facebook erh\u00e4lt. Weitere Informationen hierzu finden Sie in der Datenschutzerkl\u00e4rung von Facebook unter\u00a0www.de-de.facebook.com\/policy.php.<br \/>Wenn Sie nicht w\u00fcnschen, dass Facebook den Besuch unserer Seiten Ihrem Facebook-Nutzerkonto zuordnen kann, loggen Sie sich bitte aus Ihrem Facebook-Benutzerkonto aus.<\/p><\/div><div id=\"c10826\"><h2>Datenschutzerkl\u00e4rung bei Nutzung von Google Maps<\/h2><p>Wir nutzen auf unserer Website das Angebot von Google Maps. Dadurch k\u00f6nnen wir Ihnen interaktive Karten direkt auf unserer Website anzeigen und erm\u00f6glichen Ihnen die komfortable Nutzung der Karten-Funktion. Durch die Nutzung von Google Maps werden Daten an Google in die USA \u00fcbermittelt, u.a. Ihre IP-Adresse.<br \/>Sie k\u00f6nnen die \u00dcbermittlung der Daten an Google verhindern, indem Sie in Ihren Browsereinstellungen JavaScript deaktivieren. In diesem Fall k\u00f6nnen Sie Google Maps auf unserer Website jedoch nicht nutzen.<br \/>Rechtsgrundlage f\u00fcr die Verarbeitung Ihrer Daten ist Art. 6 Abs. 1 lit. f DS-GVO. Google nimmt an dem EU-US Privacy Shield teil:\u00a0<a href=\"http:\/\/www.privacyshield.gov\/EU-US-Framework\" target=\"_blank\" rel=\"noopener noreferrer\">www.privacyshield.gov\/EU-US-Framework<\/a><\/p><p>Informationen \u00fcber Google:<br \/>Google Inc., 1600 Amphitheater Parkway, Mountainview, California 94043, USA<br \/>N\u00e4here Informationen zu den Nutzungsbedingungen von Google:\u00a0<a href=\"http:\/\/www.google.com\/analytics\/terms\/de.html\" target=\"_blank\" rel=\"noopener noreferrer\">www.google.com\/analytics\/terms\/de.html<\/a><\/p><p>N\u00e4here Informationen zum Datenschutz von Google:\u00a0<a href=\"http:\/\/www.google.com\/intl\/de\/analytics\/privacyoverview.html\" target=\"_blank\" rel=\"noopener noreferrer\">www.google.com\/intl\/de\/analytics\/privacyoverview.html<\/a><\/p><p>N\u00e4here Informationen zu den Nutzungsbedingungen von Google Maps:\u00a0<a href=\"http:\/\/www.google.com\/intl\/de_US\/help\/terms_maps.html\" target=\"_blank\" rel=\"noopener noreferrer\">www.google.com\/intl\/de_US\/help\/terms_maps.html<\/a><\/p><\/div><div id=\"c10779\"><h2>Daten\u00fcbertragung im Internet<\/h2><div><p>Wir weisen darauf hin, dass die Daten\u00fcbertragung im Internet (z.B. bei der Kommunikation per E-Mail) Sicherheitsl\u00fccken aufweisen kann. Ein l\u00fcckenloser Schutz der Daten vor dem Zugriff durch Dritte ist nicht m\u00f6glich. Insbesondere bei einer Kommunikation \u00fcber E-Mail ist nicht in jedem Fall auszuschlie\u00dfen, dass Dritte unbefugt Kenntnis von \u00fcbersendeten Inhalten nehmen. Soweit Sie mit dem Betreiber der Webseiten \u00fcber E-Mail Kontakt aufnehmen, tun Sie dies auf eigenes Risiko. Der Betreiber geht in diesem Fall zugleich davon aus, dass er befugt ist, Ihnen per E-Mail zu antworten. Andernfalls werden Sie gebeten, dem Betreiber einen anderen Kommunikationsweg verbindlich zu benennen.<\/p><\/div><\/div><div id=\"c10778\"><h2>Cookies<\/h2><div><p>Wir setzen auf unserer Seite m\u00f6glichst keine Cookies ein. Soweit sich dies aber nicht vermeiden l\u00e4sst bitten wir um Kenntnisnahme der folgenden Hinweise. Um Ihnen bei einem wiederholten Besuch auf die Webseiten des Betreibers den Zugriff zu erleichtern bzw. um pers\u00f6nlich angepasste Sitzungen zu veranstalten, werden ein oder mehrere Cookies auf Ihrem PC abgelegt. Bei diesen handelt es sich um Textdateien, die Ihr Browser automatisch erstellt und die auf Ihrem Endger\u00e4t (Laptop, Tablet, Smartphone o.\u00e4.) gespeichert werden, wenn Sie unsere Seite besuchen. Cookies richten auf Ihrem Endger\u00e4t keinen Schaden an, enthalten keine Viren, Trojaner oder sonstige Schadsoftware. In dem Cookie werden Informationen abgelegt, die sich jeweils im Zusammenhang mit dem spezifisch eingesetzten Endger\u00e4t ergeben. Dies bedeutet jedoch nicht, dass wir dadurch unmittelbar Kenntnis von Ihrer Identit\u00e4t erhalten. Die durch Cookies verarbeiteten Daten sind f\u00fcr die genannten Zwecke zur Wahrung unserer berechtigten Interessen sowie der Dritter nach Art. 6 Abs. 1 S. 1 lit. f DSGVO erforderlich.<br \/>Sie k\u00f6nnen in Ihrem Browser der Installation von Cookies widersprechen; allerdings k\u00f6nnen Sie dann u.U. nicht alle Angebote des Betreibers vollst\u00e4ndig nutzen. Durch die Nutzung dieser Website erkl\u00e4ren Sie sich mit der Bearbeitung der \u00fcber Sie erhobenen Daten in der zuvor beschriebenen Art und Weise und zu dem zuvor benannten Zweck einverstanden.<\/p><\/div><\/div><div id=\"c10777\"><h2>Betroffenenrechte<\/h2><div><p>Wir verarbeiten und speichern Ihre Daten nur so lange, wie dies f\u00fcr die Verarbeitung oder zur Einhaltung gesetzlicher Pflichten erforderlich ist. Nach Wegfall des Verarbeitungszwecks werden Ihre Daten gesperrt oder gel\u00f6scht. Sofern dar\u00fcber hinaus gesetzliche Pflichten zur Speicherung bestehen, sperren oder l\u00f6schen wir Ihre Daten mit Ablauf der gesetzlichen Speicherfristen.<\/p><p>Sie haben das Recht:<\/p><ul><li>gem\u00e4\u00df Art. 15 DSGVO Auskunft \u00fcber Ihre von uns verarbeiteten personenbezogenen Daten zu verlangen. Insbesondere k\u00f6nnen Sie Auskunft \u00fcber die Verarbeitungszwecke, die Kategorie der personenbezogenen Daten, die Kategorien von Empf\u00e4ngern, gegen\u00fcber denen Ihre Daten offengelegt wurden oder werden, die geplante Speicherdauer, das Bestehen eines Rechts auf Berichtigung, L\u00f6schung, Einschr\u00e4nkung der Verarbeitung oder Widerspruch, das Bestehen eines Beschwerderechts, die Herkunft ihrer Daten, sofern diese nicht bei uns erhoben wurden, sowie \u00fcber das Bestehen einer automatisierten Entscheidungsfindung einschlie\u00dflich Profiling und ggf. aussagekr\u00e4ftigen Informationen zu deren Einzelheiten verlangen;<\/li><li>gem\u00e4\u00df Art. 16 DSGVO unverz\u00fcglich die Berichtigung unrichtiger oder Vervollst\u00e4ndigung Ihrer bei uns gespeicherten personenbezogenen Daten zu verlangen;<\/li><li>gem\u00e4\u00df Art. 17 DSGVO die L\u00f6schung Ihrer bei uns gespeicherten personenbezogenen Daten zu verlangen, soweit nicht die Verarbeitung zur Aus\u00fcbung des Rechts auf freie Meinungs\u00e4u\u00dferung und Information, zur Erf\u00fcllung einer rechtlichen Verpflichtung, aus Gr\u00fcnden des \u00f6ffentlichen Interesses oder zur Geltendmachung, Aus\u00fcbung oder Verteidigung von Rechtsanspr\u00fcchen erforderlich ist;<\/li><li>gem\u00e4\u00df Art. 18 DSGVO die Einschr\u00e4nkung der Verarbeitung Ihrer personenbezogenen Daten zu verlangen, soweit die Richtigkeit der Daten von Ihnen bestritten wird, die Verarbeitung unrechtm\u00e4\u00dfig ist, Sie aber deren L\u00f6schung ablehnen und wir die Daten nicht mehr ben\u00f6tigen, Sie jedoch diese zur Geltendmachung, Aus\u00fcbung oder Verteidigung von Rechtsanspr\u00fcchen ben\u00f6tigen oder Sie gem\u00e4\u00df Art. 21 DSGVO Widerspruch gegen die Verarbeitung eingelegt haben;<\/li><li>gem\u00e4\u00df Art. 20 DSGVO Ihre personenbezogenen Daten, die Sie uns bereitgestellt haben, in einem strukturierten, g\u00e4ngigen und maschinenlesebaren Format zu erhalten oder die \u00dcbermittlung an einen anderen Verantwortlichen zu verlangen;<\/li><li>gem\u00e4\u00df Art. 7 Abs. 3 DSGVO Ihre einmal erteilte Einwilligung jederzeit gegen\u00fcber uns zu widerrufen. Dies hat zur Folge, dass wir die Datenverarbeitung, die auf dieser Einwilligung beruhte, f\u00fcr die Zukunft nicht mehr fortf\u00fchren d\u00fcrfen und<\/li><li>gem\u00e4\u00df Art. 77 DSGVO sich bei einer Aufsichtsbeh\u00f6rde zu beschweren. In der Regel k\u00f6nnen Sie sich hierf\u00fcr an die Aufsichtsbeh\u00f6rde Ihres \u00fcblichen Aufenthaltsortes oder Arbeitsplatzes oder unseres Kanzleisitzes wenden.<\/li><\/ul><\/div><\/div><div id=\"c10776\"><h2>Verwahrung gegen Missbrauch durch Dritte<\/h2><div><p>Die Nutzung der im Rahmen des Impressums oder an anderer Stelle dieser Website ver\u00f6ffentlichten Kontaktdaten wie Postanschrift, Telefon- und Faxnummern sowie Emailadressen durch Dritte zur \u00dcbersendung von nicht ausdr\u00fccklich von uns angeforderten Informationen ist nicht gestattet.<br \/>Rechtliche Schritte gegen die Versender von sogenannten Spam-Mails bei Verst\u00f6\u00dfen gegen dieses Verbot sind ausdr\u00fccklich vorbehalten.<\/p><\/div><\/div><div id=\"c10775\"><h2>Name und Kontaktdaten des f\u00fcr die Verarbeitung Verantwortlichen<\/h2><div><p>Verantwortlicher im Sinne der Datenschutz-Grundverordnung, sonstiger in den Mitgliedstaaten der Europ\u00e4ischen Union geltenden Datenschutzgesetze und anderer Bestimmungen mit datenschutzrechtlichem Charakter ist<\/p><p>S\u00fcddeutsche Gemeinschaft Biberach<br \/>Sperlingsweg 7<br \/>88484 Attenweiler<br \/>Telefon: 07357-4483011<br \/>Email: Gemeinschaftspastor@<a>sv-biberach.de<\/a><\/p><p>Diese Datenschutzerkl\u00e4rung ist aktuell g\u00fcltig, entspricht den Anforderungen der EU-DSGVO iVm BDSG-NEU und hat den Stand Mai 2018.<\/p><\/div><\/div>\t\t\t\t\t\t\t\t<\/div>\n\t\t\t\t<\/div>\n\t\t\t\t\t<\/div>\n\t\t<\/div>\n\t\t\t\t\t<\/div>\n\t\t<\/section>\n\t\t\t\t<\/div>\n\t\t","protected":false},"excerpt":{"rendered":"<p>Datenschutz Datenschutz Die S\u00fcddeutsche Gemeinschaft Biberach (Betreiber) ist um einen Schutz der Daten aller Nutzer bem\u00fcht, die seine Webseiten bzw. Internetangebote nutzen. Bitte sehen Sie sich die nachfolgenden Datenschutzhinweise sorgf\u00e4ltig durch. Die Verarbeitung personenbezogener Daten einer betroffenen Person, erfolgt stets im Einklang mit der Datenschutz-Grundverordnung. Mittels dieser Datenschutzerkl\u00e4rung m\u00f6chte unser&nbsp;Verein die \u00d6ffentlichkeit \u00fcber Art, Umfang [&hellip;]<\/p>\n","protected":false},"author":1,"featured_media":0,"parent":0,"menu_order":0,"comment_status":"closed","ping_status":"open","template":"elementor_header_footer","meta":{"ocean_post_layout":"full-screen","ocean_both_sidebars_style":"","ocean_both_sidebars_content_width":0,"ocean_both_sidebars_sidebars_width":0,"ocean_sidebar":"0","ocean_second_sidebar":"0","ocean_disable_margins":"enable","ocean_add_body_class":"","ocean_shortcode_before_top_bar":"","ocean_shortcode_after_top_bar":"","ocean_shortcode_before_header":"","ocean_shortcode_after_header":"","ocean_has_shortcode":"","ocean_shortcode_after_title":"","ocean_shortcode_before_footer_widgets":"","ocean_shortcode_after_footer_widgets":"","ocean_shortcode_before_footer_bottom":"","ocean_shortcode_after_footer_bottom":"","ocean_display_top_bar":"off","ocean_display_header":"on","ocean_header_style":"transparent","ocean_center_header_left_menu":"0","ocean_custom_header_template":"0","ocean_custom_logo":0,"ocean_custom_retina_logo":0,"ocean_custom_logo_max_width":0,"ocean_custom_logo_tablet_max_width":0,"ocean_custom_logo_mobile_max_width":0,"ocean_custom_logo_max_height":0,"ocean_custom_logo_tablet_max_height":0,"ocean_custom_logo_mobile_max_height":0,"ocean_header_custom_menu":"0","ocean_menu_typo_font_family":"0","ocean_menu_typo_font_subset":"","ocean_menu_typo_font_size":0,"ocean_menu_typo_font_size_tablet":0,"ocean_menu_typo_font_size_mobile":0,"ocean_menu_typo_font_size_unit":"px","ocean_menu_typo_font_weight":"","ocean_menu_typo_font_weight_tablet":"","ocean_menu_typo_font_weight_mobile":"","ocean_menu_typo_transform":"","ocean_menu_typo_transform_tablet":"","ocean_menu_typo_transform_mobile":"","ocean_menu_typo_line_height":0,"ocean_menu_typo_line_height_tablet":0,"ocean_menu_typo_line_height_mobile":0,"ocean_menu_typo_line_height_unit":"","ocean_menu_typo_spacing":0,"ocean_menu_typo_spacing_tablet":0,"ocean_menu_typo_spacing_mobile":0,"ocean_menu_typo_spacing_unit":"","ocean_menu_link_color":"","ocean_menu_link_color_hover":"","ocean_menu_link_color_active":"","ocean_menu_link_background":"","ocean_menu_link_hover_background":"","ocean_menu_link_active_background":"","ocean_menu_social_links_bg":"","ocean_menu_social_hover_links_bg":"","ocean_menu_social_links_color":"","ocean_menu_social_hover_links_color":"","ocean_disable_title":"on","ocean_disable_heading":"default","ocean_post_title":"","ocean_post_subheading":"","ocean_post_title_style":"","ocean_post_title_background_color":"","ocean_post_title_background":0,"ocean_post_title_bg_image_position":"","ocean_post_title_bg_image_attachment":"","ocean_post_title_bg_image_repeat":"","ocean_post_title_bg_image_size":"","ocean_post_title_height":0,"ocean_post_title_bg_overlay":0.5,"ocean_post_title_bg_overlay_color":"","ocean_disable_breadcrumbs":"off","ocean_breadcrumbs_color":"","ocean_breadcrumbs_separator_color":"","ocean_breadcrumbs_links_color":"","ocean_breadcrumbs_links_hover_color":"","ocean_display_footer_widgets":"off","ocean_display_footer_bottom":"on","ocean_custom_footer_template":"0","footnotes":""},"class_list":["post-3","page","type-page","status-publish","hentry","entry"],"_links":{"self":[{"href":"https:\/\/www.sv-probe.de\/index.php?rest_route=\/wp\/v2\/pages\/3","targetHints":{"allow":["GET"]}}],"collection":[{"href":"https:\/\/www.sv-probe.de\/index.php?rest_route=\/wp\/v2\/pages"}],"about":[{"href":"https:\/\/www.sv-probe.de\/index.php?rest_route=\/wp\/v2\/types\/page"}],"author":[{"embeddable":true,"href":"https:\/\/www.sv-probe.de\/index.php?rest_route=\/wp\/v2\/users\/1"}],"replies":[{"embeddable":true,"href":"https:\/\/www.sv-probe.de\/index.php?rest_route=%2Fwp%2Fv2%2Fcomments&post=3"}],"version-history":[{"count":0,"href":"https:\/\/www.sv-probe.de\/index.php?rest_route=\/wp\/v2\/pages\/3\/revisions"}],"wp:attachment":[{"href":"https:\/\/www.sv-probe.de\/index.php?rest_route=%2Fwp%2Fv2%2Fmedia&parent=3"}],"curies":[{"name":"wp","href":"https:\/\/api.w.org\/{rel}","templated":true}]}}